. Determine y(-18).
14
Let h(a) = -1325*a + 7887. What is h(6)?
-63
Let h(j) = -j**3 + 27*j**2 + 141*j - 1604. Give h(29).
803
Let w(r) = r**3 - 109*r**2 - 51*r + 5562. Determine w(109).
3
Let p(x) = -x**2 - 19690*x + 197003. What is p(10)?
3
Let f(k) = 156*k**2 - 316*k - 320. What is f(-1)?
152
Let k(v) = -256*v**2 + 1982*v + 444. What is k(8)?
-84
Let k(d) = -65672*d**2 + 197024*d + 2. Calculate k(3).
26
Let d(r) = -r**2 + 15136*r + 606998. Determine d(-40).
-42
Let d(g) = g**3 - 56*g**2 + 13*g - 662. Determine d(56).
66
Let w(y) = 81*y**2 + 3*y - 15. Calculate w(2).
315
Let j(q) = q**2 - 42170*q + 632329. Calculate j(15).
4
Let j(n) = -5833*n - 583302. Determine j(-100).
-2
Let q(o) = -4*o**3 - 435*o**2 + 376*o - 19142. Determine q(-110).
-2
Let o(l) = 3567*l - 35628. Give o(10).
42
Let f(g) = 3637*g + 7270. What is f(-2)?
-4
Let i(p) = 1927*p + 1989. What is i(-1)?
62
Let y(n) = n**3 - 6*n**2 + 213*n - 1011. Calculate y(5).
29
Let p(h) = 23*h**3 + 8*h**2 - 197*h - 822. Determine p(-4).
-1378
Let p(k) = 7*k**2 + 48*k + 203. Calculate p(-3).
122
Let n(v) = -226*v + 1. Calculate n(-1).
227
Let a(z) = 9*z**3 - 9814*z**2 - 5455*z + 3. Give a(1091).
3
Let c(k) = 4056*k - 194691. What is c(48)?
-3
Let k(s) = -s**3 + 29*s**2 - 128*s - 327. Determine k(27).
-2325
Let g(o) = -o**3 + 6*o**2 + 3833*o - 30611. Calculate g(8).
-75
Let i(b) = -b**2 + 1390*b - 39020. Determine i(29).
449
Let a(m) = -70492*m - 775402. Give a(-11).
10
Let j(n) = -177*n**3 + 11*n**2 + 31*n + 19. Determine j(-1).
176
Let g(d) = 3*d**3 - 14*d**2 - 71*d + 291. Give g(6).
9
Let d(o) = 380*o**2 + 85*o - 11. Determine d(-1).
284
Let b(o) = -40*o**2 - 189*o + 927. Determine b(5).
-1018
Let v(l) = 48*l**2 + 1841*l + 175. Calculate v(-40).
3335
Let o(g) = g**3 + 38*g**2 - 1454*g - 8151. Calculate o(27).
-24
Let r(d) = -23*d**2 + 11*d + 33. Determine r(4).
-291
Let w(m) = -323442*m - 34608290. Calculate w(-107).
4
Let i(l) = -134398*l + 671994. Determine i(5).
4
Let s(y) = -80*y**2 + 2447*y - 17616. What is s(19)?
-3
Let t(z) = -5252*z - 36636. What is t(-7)?
128
Let n(g) = g**3 - 37*g**2 - 14*g - 1582. Give n(38).
-670
Let g(x) = -211*x**2 + 4838*x + 340. Calculate g(23).
-5
Let i(u) = 276*u**2 + 3334*u + 258. Give i(-12).
-6
Let n(l) = 290*l**2 - 4362*l + 440. Give n(15).
260
Let f(h) = h**2 - 32*h - 1327. Calculate f(-21).
-214
Let k(c) = 19*c**3 + 547*c**2 - 90*c + 120. What is k(-29)?
-634
Let s(c) = 1806*c - 18707. Give s(10).
-647
Let h(y) = -y**3 + 21*y**2 - 48*y - 2. Determine h(12).
718
Let v(n) = 83402*n - 1251025. Determine v(15).
5
Let r(m) = -m**3 - 51*m**2 - 501*m + 418. Give r(-38).
684
Let o(v) = -2*v**2 + 1627*v - 330049. Calculate o(424).
247
Let k(v) = 50*v**2 - 31884*v + 21645. Give k(637).
-13
Let v(t) = 4*t**3 + 81*t**2 + 15*t + 57. Give v(-20).
157
Let a(u) = -89*u**2 + 4276*u - 171. Give a(48).
21
Let s(r) = -23*r**3 - 356*r**2 + 10*r + 72. Give s(-15).
-2553
Let c(r) = 2*r**3 - 132*r**2 + 604*r + 142. What is c(61)?
-224
Let u(c) = 82295*c - 4855389. Calculate u(59).
16
Let t(k) = 2*k**3 - 121*k**2 + 1428*k - 54. Give t(16).
10
Let j(s) = 9*s**3 + 156*s**2 + 418*s + 6234. Give j(-17).
-5
Let i(t) = -4*t**3 + 465*t**2 - 112*t - 443. Calculate i(116).
21
Let y(d) = d**3 + 340*d**2 + 3267*d - 10869. Calculate y(-330).
21
Let y(z) = z**3 - 500*z**2 + 14546*z - 266. Calculate y(31).
-49
Let p(c) = 2*c**2 - 109331*c - 218667. What is p(-2)?
3
Let w(d) = -3577*d - 18098. Give w(-5).
-213
Let a(n) = n**2 - 84492*n + 591405. What is a(7)?
10
Let z(i) = -i**3 - 13*i**2 + 427*i + 36002. Determine z(33).
-1
Let c(w) = 12*w**2 + 13436*w + 1450069. Determine c(-121).
5
Let s(q) = 841*q + 7626. Calculate s(-9).
57
Let a(y) = 40*y**2 + 18*y - 31. Give a(4).
681
Let s(z) = -3*z**3 - 10*z**2 - 16*z - 65. Calculate s(-5).
140
Let i(c) = 32*c**2 - 3533*c + 1446. What is i(110)?
16
Let a(m) = m**3 - 12*m**2 - 14*m - 790. What is a(16)?
10
Let h(d) = 10*d**2 - 4*d + 7. Calculate h(3).
85
Let v(g) = -g**3 - 191*g**2 - 381*g - 83. Give v(-189).
484
Let q(o) = -2*o**2 + 431*o - 2549. Determine q(6).
-35
Let s(a) = -a**3 + 229*a**2 + 87696*a + 115. Give s(432).
115
Let i(j) = -2*j**3 - 37*j**2 + 225*j + 118. What is i(-23)?
-296
Let j(z) = 35*z**3 + 527*z**2 + 22*z + 51. What is j(-15)?
171
Let a(u) = 16889*u + 84432. Calculate a(-5).
-13
Let a(k) = 544*k - 8425. Calculate a(17).
823
Let p(j) = j**3 + 17*j**2 - 90*j - 1569. Calculate p(-21).
-1443
Let r(y) = y**2 - 315*y + 8801. What is r(31)?
-3
Let t(u) = -47*u - 2500. Determine t(-46).
-338
Let i(x) = -2*x**3 - 138*x**2 - 954*x + 69. Calculate i(-61).
-1273
Let a(x) = -32827*x - 65619. Determine a(-2).
35
Let g(u) = -2191*u - 129220. Calculate g(-59).
49
Let t(y) = -825*y - 1772. What is t(5)?
-5897
Let p(r) = 4*r**2 + 2*r + 1050. Calculate p(0).
1050
Let q(r) = 991*r - 850. What is q(1)?
141
Let i(j) = -739*j + 47950. Give i(60).
3610
Let d(o) = 4*o**3 - 17*o**2 - 133*o + 130. Calculate d(8).
26
Let n(h) = -45*h**2 + 1358*h - 202. Give n(30).
38
Let o(r) = 5222504*r - 224567675. What is o(43)?
-3
Let d(l) = -15924*l - 812176. Calculate d(-51).
-52
Let z(v) = -2*v**3 - 793*v**2 + 220*v - 70229. Give z(-397).
40
Let w(g) = -18381*g - 164234. Determine w(-9).
1195
Let j(h) = 8558*h + 162589. Give j(-19).
-13
Let d(q) = 1090*q + 87665. Give d(-81).
-625
Let g(a) = a**2 + 28*a + 440. What is g(-47)?
1333
Let y(k) = -1337*k - 8816. Give y(-5).
-2131
Let b(o) = -2*o**2 + 1092*o - 72881. Calculate b(78).
127
Let x(k) = -2*k**3 + 10*k**2 + 17*k + 25. Calculate x(6).
55
Let r(s) = 2*s**3 - 745*s**2 - 15708*s - 190. Give r(-20).
-30
Let t(g) = -2478*g + 138630. Determine t(56).
-138
Let y(g) = -13*g**3 + 46*g**2 + 13*g - 22. Calculate y(4).
-66
Let d(u) = -264*u - 18664. What is d(-67)?
-976
Let n(u) = -62143*u - 62137. Determine n(-1).
6
Let f(g) = -14*g**2 + 4187*g + 8126. What is f(301)?
-1
Let f(h) = h**2 - 6641*h + 2028709. Give f(321).
-11
Let g(n) = -1824*n + 408561. Give g(224).
-15
Let j(x) = 4333*x + 21943. Determine j(-5).
278
Let a(v) = -1397*v - 13059. Determine a(-9).
-486
Let n(j) = 2*j**2 - 172*j + 3263. Determine n(31).
-147
Let h(k) = 17*k**2 - 6849*k - 7791. Give h(404).
-115
Let f(o) = -36*o**2 - 5219*o + 139. Determine f(-145).
-6
Let p(n) = -47*n**3 + 843*n**2 + 33*n + 455. What is p(18)?
77
Let k(d) = -d**3 + 77*d**2 + 210*d - 4215. Calculate k(79).
-107
Let d(g) = -366*g**2 - 1426*g + 2009. What is d(-5)?
-11
Let r(s) = -8126*s + 113582. Calculate r(14).
-182
Let l(m) = m**3 + 1013*m**2 - 15418*m - 35. What is l(15)?
-5
Let y(s) = 8727*s + 8708. What is y(-1)?
-19
Let y(k) = -k**3 - 27*k**2 + 300*k - 524. Give y(7).
-90
Let u(v) = 9402*v - 84672. Give u(9).
-54
Let s(t) = -3*t**3 + 2523*t**2 + 10355*t - 181676. What is s(845)?
-1
Let t(h) = h**2 - 281*h + 7092. Give t(28).
8
Let q(x) = -70*x - 3024. Give q(-47).
266
Let g(i) = 6373*i - 31864. Calculate g(5).
1
Let m(c) = -c**3 - 15*c**2 - 9349*c - 149827. Calculate m(-16).
13
Let y(c) = 1854*c - 300363. Give y(162).
-15
Let v(i) = -33*i**3 - 4*i**2 - 168*i + 349. Determine v(2).
-267
Let v(b) = -209*b + 8737. Give v(32).
2049
Let l(n) = 85*n**2 - 11815*n - 103. What is l(139)?
-103
Let n(d) = -557*d - 3732. Determine n(-5).
-947
Let n(l) = 6282*l + 10446969. What is n(-1663)?
3
Let g(h) = 2*h**3 + 31*h**2 + 105*h + 173. Give g(-2).
71
Let i(f) = 7607*f - 114108. Calculate i(15).
-3
Let v(k) = -k**3 + 278*k**2 + 84329*k - 6213. Determine v(-183).
9
Let h(n) = -n**3 + 4*n**2 + 939*n + 8074. Give h(-22).
0
Let m(i) = 9657*i - 125689. Calculate m(13).
-148
Let w(m) = -m**3 + 15*m**2 - 43*m + 989. Give w(17).
-320
Let g(u) = 4*u**3 - 1099*u**2 - 267*u - 2121. What is g(275)?
79
Let a(q) = 11*q**3 + 114*q**2 + 268*q + 73. What is a(-7)?
10
Let t(c) = -6*c**2 + 56*c - 1118. Calculate t(12).
-1310
Let q(g) = 201*g - 36467. Calculate q(208).
5341
Let x(b) = -b**2 - 123*b - 194. Calculate x(-114).
832
Let b(z) = -27671*z - 32236713. Give b(-1165).
2
Let m(u) = 91345*u - 730727. What is m(8)?
33
Let m(j) = 52*j**2 + 135*j + 909. Give m(-5).
1534
Let d(k) = -225*k**2 - 9008*k + 165. Determine d(-40).
485
Let y(j) = -26970*j + 53805. Determine y(2).
-135
Let p(f) = 167898*f - 335812. Calculate p(2).
-16
Let l(w) = -240*w - 6028. Determine l(-30).
1172
Let k(p) = -2*p**3 - 41*